{"id":973,"date":"2023-02-02T09:17:19","date_gmt":"2023-02-02T07:17:19","guid":{"rendered":"https:\/\/winkelsett.de\/?page_id=973"},"modified":"2023-10-11T10:22:49","modified_gmt":"2023-10-11T08:22:49","slug":"unternehmen","status":"publish","type":"page","link":"https:\/\/winkelsett.de\/?page_id=973","title":{"rendered":"Unternehmen"},"content":{"rendered":"\t\t<div data-elementor-type=\"wp-page\" data-elementor-id=\"973\" class=\"elementor elementor-973\">\n\t\t\t\t\t\t<section class=\"elementor-section elementor-top-section elementor-element elementor-element-f9c7dd6 elementor-section-boxed elementor-section-height-default elementor-section-height-default\" data-id=\"f9c7dd6\" data-element_type=\"section\">\n\t\t\t\t\t\t<div class=\"elementor-container elementor-column-gap-default\">\n\t\t\t\t\t<div class=\"elementor-column elementor-col-100 elementor-top-column elementor-element elementor-element-b2e455f\" data-id=\"b2e455f\" data-element_type=\"column\">\n\t\t\t<div class=\"elementor-widget-wrap elementor-element-populated\">\n\t\t\t\t\t\t<section class=\"elementor-section elementor-inner-section elementor-element elementor-element-dce6de3 elementor-section-boxed elementor-section-height-default elementor-section-height-default\" data-id=\"dce6de3\" data-element_type=\"section\">\n\t\t\t\t\t\t<div class=\"elementor-container elementor-column-gap-default\">\n\t\t\t\t\t<div class=\"elementor-column elementor-col-50 elementor-inner-column elementor-element elementor-element-045f7b5\" data-id=\"045f7b5\" data-element_type=\"column\">\n\t\t\t<div class=\"elementor-widget-wrap elementor-element-populated\">\n\t\t\t\t\t\t<div class=\"elementor-element elementor-element-dfef6e9 elementor-widget elementor-widget-text-editor\" data-id=\"dfef6e9\" data-element_type=\"widget\" data-widget_type=\"text-editor.default\">\n\t\t\t\t<div class=\"elementor-widget-container\">\n\t\t\t\t\t\t\t\t\t<p><strong>Essgarten<\/strong><\/p><p>Der permakulturell angelegte Essgarten in Winkelsett ist eine Sammlung an essbaren Pflanzen mit Waldcharakter, die sich in Symbiose mit m\u00f6glichst wenig \u00e4u\u00dferen Eingriffen zueinander verhalten. Hier wachsen ca. 1.200 verschiedene Arten, von Geh\u00f6lzen, also B\u00e4umen und Str\u00e4uchern, \u00fcber Kr\u00e4uter, Stauden, Knollen, Wurzeln und Pilzen, hin zu Kletter- und Wasserpflanzen. Nach knapp 30 Jahren bietet dieses in sich geschlossene Biotop durch seine Vielfalt auch verschiedenen V\u00f6geln, Nagern, Insekten, Schnecken, Fr\u00f6schen und anderen Lebewesen ein zu Hause. Somit z\u00e4hlt der Essgarten zu den \u00e4ltesten und artenreichsten Waldg\u00e4rten Deutschlands.\u00a0<\/p><p>Als \u00f6kologisches Zentrum f\u00fcr Bildung und Ern\u00e4hrung m\u00f6chten wir gerne unser Wissen um die Flora &amp; Fauna mit Ihnen teilen. Dazu bieten wir Ihnen ein vielf\u00e4ltiges Programm aus verschiedenen Seminaren und Kursen zu den Themen Biodiversit\u00e4t, essbare G\u00e4rten, Selbstversorgung &amp; Gesundheit. <a href=\"https:\/\/essgarten.de\/aktuelles\/uebersicht-termine\">Auch Konzerte, F\u00fchrungen und Kaffee- &amp; Kuchennachmittage geh\u00f6ren mit zu unserem Angebot.<\/a><\/p>\t\t\t\t\t\t\t\t<\/div>\n\t\t\t\t<\/div>\n\t\t\t\t\t<\/div>\n\t\t<\/div>\n\t\t\t\t<div class=\"elementor-column elementor-col-50 elementor-inner-column elementor-element elementor-element-510d8ee\" data-id=\"510d8ee\" data-element_type=\"column\">\n\t\t\t<div class=\"elementor-widget-wrap elementor-element-populated\">\n\t\t\t\t\t\t<div class=\"elementor-element elementor-element-4f5298a elementor-widget elementor-widget-image\" data-id=\"4f5298a\" data-element_type=\"widget\" data-widget_type=\"image.default\">\n\t\t\t\t<div class=\"elementor-widget-container\">\n\t\t\t\t\t\t\t\t\t\t\t\t\t\t\t<img fetchpriority=\"high\" decoding=\"async\" width=\"1024\" height=\"796\" src=\"https:\/\/winkelsett.de\/wp-content\/uploads\/2023\/02\/Orangerie-kleiner-scaled-e1676303508915-1024x796.jpg\" class=\"attachment-large size-large wp-image-1338\" alt=\"\" srcset=\"https:\/\/winkelsett.de\/wp-content\/uploads\/2023\/02\/Orangerie-kleiner-scaled-e1676303508915-1024x796.jpg 1024w, https:\/\/winkelsett.de\/wp-content\/uploads\/2023\/02\/Orangerie-kleiner-scaled-e1676303508915-300x233.jpg 300w, https:\/\/winkelsett.de\/wp-content\/uploads\/2023\/02\/Orangerie-kleiner-scaled-e1676303508915-768x597.jpg 768w, https:\/\/winkelsett.de\/wp-content\/uploads\/2023\/02\/Orangerie-kleiner-scaled-e1676303508915-1536x1193.jpg 1536w, https:\/\/winkelsett.de\/wp-content\/uploads\/2023\/02\/Orangerie-kleiner-scaled-e1676303508915.jpg 1968w\" sizes=\"(max-width: 1024px) 100vw, 1024px\" \/>\t\t\t\t\t\t\t\t\t\t\t\t\t\t\t<\/div>\n\t\t\t\t<\/div>\n\t\t\t\t<div class=\"elementor-element elementor-element-5466cb0 elementor-widget elementor-widget-text-editor\" data-id=\"5466cb0\" data-element_type=\"widget\" data-widget_type=\"text-editor.default\">\n\t\t\t\t<div class=\"elementor-widget-container\">\n\t\t\t\t\t\t\t\t\t<p>Weitere Informationen finden sich auf der Webseite des Essgartens:<\/p>\t\t\t\t\t\t\t\t<\/div>\n\t\t\t\t<\/div>\n\t\t\t\t<div class=\"elementor-element elementor-element-d13ba12 elementor-align-center elementor-widget elementor-widget-button\" data-id=\"d13ba12\" data-element_type=\"widget\" data-widget_type=\"button.default\">\n\t\t\t\t<div class=\"elementor-widget-container\">\n\t\t\t\t\t\t\t\t\t<div class=\"elementor-button-wrapper\">\n\t\t\t\t\t<a class=\"elementor-button elementor-button-link elementor-size-sm\" href=\"https:\/\/essgarten.de\/\">\n\t\t\t\t\t\t<span class=\"elementor-button-content-wrapper\">\n\t\t\t\t\t\t\t\t\t<span class=\"elementor-button-text\">essgarten.de<\/span>\n\t\t\t\t\t<\/span>\n\t\t\t\t\t<\/a>\n\t\t\t\t<\/div>\n\t\t\t\t\t\t\t\t<\/div>\n\t\t\t\t<\/div>\n\t\t\t\t\t<\/div>\n\t\t<\/div>\n\t\t\t\t\t<\/div>\n\t\t<\/section>\n\t\t\t\t\t<\/div>\n\t\t<\/div>\n\t\t\t\t\t<\/div>\n\t\t<\/section>\n\t\t\t\t<section class=\"elementor-section elementor-top-section elementor-element elementor-element-376aa6f elementor-section-boxed elementor-section-height-default elementor-section-height-default\" data-id=\"376aa6f\" data-element_type=\"section\">\n\t\t\t\t\t\t<div class=\"elementor-container elementor-column-gap-default\">\n\t\t\t\t\t<div class=\"elementor-column elementor-col-50 elementor-top-column elementor-element elementor-element-7044d12\" data-id=\"7044d12\" data-element_type=\"column\">\n\t\t\t<div class=\"elementor-widget-wrap elementor-element-populated\">\n\t\t\t\t\t\t<div class=\"elementor-element elementor-element-ec2ebe7 elementor-widget__width-initial elementor-widget elementor-widget-image\" data-id=\"ec2ebe7\" data-element_type=\"widget\" data-widget_type=\"image.default\">\n\t\t\t\t<div class=\"elementor-widget-container\">\n\t\t\t\t\t\t\t\t\t\t\t\t\t\t\t<img decoding=\"async\" width=\"414\" height=\"310\" src=\"https:\/\/winkelsett.de\/wp-content\/uploads\/2023\/05\/image.png\" class=\"attachment-large size-large wp-image-1371\" alt=\"\" srcset=\"https:\/\/winkelsett.de\/wp-content\/uploads\/2023\/05\/image.png 414w, https:\/\/winkelsett.de\/wp-content\/uploads\/2023\/05\/image-300x225.png 300w\" sizes=\"(max-width: 414px) 100vw, 414px\" \/>\t\t\t\t\t\t\t\t\t\t\t\t\t\t\t<\/div>\n\t\t\t\t<\/div>\n\t\t\t\t<div class=\"elementor-element elementor-element-119b3ac elementor-widget elementor-widget-text-editor\" data-id=\"119b3ac\" data-element_type=\"widget\" data-widget_type=\"text-editor.default\">\n\t\t\t\t<div class=\"elementor-widget-container\">\n\t\t\t\t\t\t\t\t\t<p><br \/>Weitere Informationen finden sich auf der Webseite vom Hof Witte:<\/p>\t\t\t\t\t\t\t\t<\/div>\n\t\t\t\t<\/div>\n\t\t\t\t<div class=\"elementor-element elementor-element-77db1b7 elementor-align-center elementor-widget elementor-widget-button\" data-id=\"77db1b7\" data-element_type=\"widget\" data-widget_type=\"button.default\">\n\t\t\t\t<div class=\"elementor-widget-container\">\n\t\t\t\t\t\t\t\t\t<div class=\"elementor-button-wrapper\">\n\t\t\t\t\t<a class=\"elementor-button elementor-button-link elementor-size-sm\" href=\"http:\/\/hof-witte.de\">\n\t\t\t\t\t\t<span class=\"elementor-button-content-wrapper\">\n\t\t\t\t\t\t\t\t\t<span class=\"elementor-button-text\">hof-witte.de<\/span>\n\t\t\t\t\t<\/span>\n\t\t\t\t\t<\/a>\n\t\t\t\t<\/div>\n\t\t\t\t\t\t\t\t<\/div>\n\t\t\t\t<\/div>\n\t\t\t\t\t<\/div>\n\t\t<\/div>\n\t\t\t\t<div class=\"elementor-column elementor-col-50 elementor-top-column elementor-element elementor-element-09727dd\" data-id=\"09727dd\" data-element_type=\"column\">\n\t\t\t<div class=\"elementor-widget-wrap elementor-element-populated\">\n\t\t\t\t\t\t<div class=\"elementor-element elementor-element-ee05707 elementor-widget__width-initial elementor-widget elementor-widget-text-editor\" data-id=\"ee05707\" data-element_type=\"widget\" data-widget_type=\"text-editor.default\">\n\t\t\t\t<div class=\"elementor-widget-container\">\n\t\t\t\t\t\t\t\t\t<p><strong>TRADITION AUS WOHLDE &#8211; Hof Witte<br><\/strong><br>In der 5. Generationen ist der Hof nach wie vor ein traditioneller landwirtschaftlicher Familienbetrieb. Wir konzentrieren uns seit \u00fcber 30 Jahren auf den Anbau von Weihnachtsb\u00e4umen.<br>Die sch\u00f6nste Zeit im Jahr sind wir f\u00fcr Sie da.<\/p>\n<p>Wir haben f\u00fcr jeden Wunsch den passenden Weihnachtsbaum. Ihre Nordmanntanne in handlicher Gr\u00f6\u00dfe bis zum meterhohen Prachtst\u00fcck, k\u00f6nnen Sie sich in unseren Schonungen selbst aussuchen.<br>In gem\u00fctlicher und weihnachtlicher Atmosph\u00e4re laden wir Sie herzlich an unserem traditionellen Scheunenmarkt zu hei\u00dfem Gl\u00fchwein und traditionellen Spezialit\u00e4ten aus der Region ein.<br>Freudige Kinderaugen geh\u00f6ren zu Weihnachten dazu. Jedes Jahr planen wir verschiedene<br>Aktionen speziell f\u00fcr Kinder (zB Ponyreiten oder den Besuch vom Weihnachtsmann).<br>Auf dem Scheunenmarkt bieten wir Ihnen die M\u00f6glichkeit, Ihre au\u00dfergew\u00f6hnliche<br>Weihnachtsfeier zu veranstalten. Gerne erstellen wir ein individuelles Konzept.<br>Ganzj\u00e4hrig bieten wir verschiedene Sorten und L\u00e4ngen von ofenfertigem Feuerholz an. Auf unserer Website finden Sie stets das aktuelle Angebot.<br>Beziehen Sie direkt regional unser Wildfleisch aus Eigenjagd (nat\u00fcrlich Bio und nachhaltig).<br>Euer Hof Witte Team<\/p>\t\t\t\t\t\t\t\t<\/div>\n\t\t\t\t<\/div>\n\t\t\t\t\t<\/div>\n\t\t<\/div>\n\t\t\t\t\t<\/div>\n\t\t<\/section>\n\t\t\t\t<\/div>\n\t\t","protected":false},"excerpt":{"rendered":"<p>Essgarten Der permakulturell angelegte Essgarten in Winkelsett ist eine Sammlung an essbaren Pflanzen mit Waldcharakter, die sich in Symbiose mit m\u00f6glichst wenig \u00e4u\u00dferen Eingriffen zueinander verhalten. Hier wachsen ca. 1.200 verschiedene Arten, von Geh\u00f6lzen, also B\u00e4umen und Str\u00e4uchern, \u00fcber Kr\u00e4uter, Stauden, Knollen, Wurzeln und Pilzen, hin zu Kletter- und Wasserpflanzen. Nach knapp 30 Jahren bietet [&hellip;]<\/p>\n","protected":false},"author":1,"featured_media":0,"parent":0,"menu_order":0,"comment_status":"closed","ping_status":"closed","template":"","meta":{"footnotes":""},"class_list":["post-973","page","type-page","status-publish","hentry"],"aioseo_notices":[],"_links":{"self":[{"href":"https:\/\/winkelsett.de\/index.php?rest_route=\/wp\/v2\/pages\/973","targetHints":{"allow":["GET"]}}],"collection":[{"href":"https:\/\/winkelsett.de\/index.php?rest_route=\/wp\/v2\/pages"}],"about":[{"href":"https:\/\/winkelsett.de\/index.php?rest_route=\/wp\/v2\/types\/page"}],"author":[{"embeddable":true,"href":"https:\/\/winkelsett.de\/index.php?rest_route=\/wp\/v2\/users\/1"}],"replies":[{"embeddable":true,"href":"https:\/\/winkelsett.de\/index.php?rest_route=%2Fwp%2Fv2%2Fcomments&post=973"}],"version-history":[{"count":0,"href":"https:\/\/winkelsett.de\/index.php?rest_route=\/wp\/v2\/pages\/973\/revisions"}],"wp:attachment":[{"href":"https:\/\/winkelsett.de\/index.php?rest_route=%2Fwp%2Fv2%2Fmedia&parent=973"}],"curies":[{"name":"wp","href":"https:\/\/api.w.org\/{rel}","templated":true}]}}

<div data-elementor-type="wp-page" data-elementor-id="973" class="elementor elementor-973">
						<section class="elementor-section elementor-top-section elementor-element elementor-element-f9c7dd6 elementor-section-boxed elementor-section-height-default elementor-section-height-default" data-id="f9c7dd6" data-element_type="section">
						<div class="elementor-container elementor-column-gap-default">
					<div class="elementor-column elementor-col-100 elementor-top-column elementor-element elementor-element-b2e455f" data-id="b2e455f" data-element_type="column">
			<div class="elementor-widget-wrap elementor-element-populated">
						<section class="elementor-section elementor-inner-section elementor-element elementor-element-dce6de3 elementor-section-boxed elementor-section-height-default elementor-section-height-default" data-id="dce6de3" data-element_type="section">
						<div class="elementor-container elementor-column-gap-default">
					<div class="elementor-column elementor-col-50 elementor-inner-column elementor-element elementor-element-045f7b5" data-id="045f7b5" data-element_type="column">
			<div class="elementor-widget-wrap elementor-element-populated">
						<div class="elementor-element elementor-element-dfef6e9 elementor-widget elementor-widget-text-editor" data-id="dfef6e9" data-element_type="widget" data-widget_type="text-editor.default">
				<div class="elementor-widget-container">
									<p><strong>Essgarten</strong></p><p>Der permakulturell angelegte Essgarten in Winkelsett ist eine Sammlung an essbaren Pflanzen mit Waldcharakter, die sich in Symbiose mit möglichst wenig äußeren Eingriffen zueinander verhalten. Hier wachsen ca. 1.200 verschiedene Arten, von Gehölzen, also Bäumen und Sträuchern, über Kräuter, Stauden, Knollen, Wurzeln und Pilzen, hin zu Kletter- und Wasserpflanzen. Nach knapp 30 Jahren bietet dieses in sich geschlossene Biotop durch seine Vielfalt auch verschiedenen Vögeln, Nagern, Insekten, Schnecken, Fröschen und anderen Lebewesen ein zu Hause. Somit zählt der Essgarten zu den ältesten und artenreichsten Waldgärten Deutschlands. </p><p>Als ökologisches Zentrum für Bildung und Ernährung möchten wir gerne unser Wissen um die Flora &amp; Fauna mit Ihnen teilen. Dazu bieten wir Ihnen ein vielfältiges Programm aus verschiedenen Seminaren und Kursen zu den Themen Biodiversität, essbare Gärten, Selbstversorgung &amp; Gesundheit. <a href="https://essgarten.de/aktuelles/uebersicht-termine">Auch Konzerte, Führungen und Kaffee- &amp; Kuchennachmittage gehören mit zu unserem Angebot.</a></p>								</div>
				</div>
					</div>
		</div>
				<div class="elementor-column elementor-col-50 elementor-inner-column elementor-element elementor-element-510d8ee" data-id="510d8ee" data-element_type="column">
			<div class="elementor-widget-wrap elementor-element-populated">
						<div class="elementor-element elementor-element-4f5298a elementor-widget elementor-widget-image" data-id="4f5298a" data-element_type="widget" data-widget_type="image.default">
				<div class="elementor-widget-container">
															<img fetchpriority="high" decoding="async" width="1024" height="796" src="https://winkelsett.de/wp-content/uploads/2023/02/Orangerie-kleiner-scaled-e1676303508915-1024x796.jpg" class="attachment-large size-large wp-image-1338" alt="" srcset="https://winkelsett.de/wp-content/uploads/2023/02/Orangerie-kleiner-scaled-e1676303508915-1024x796.jpg 1024w, https://winkelsett.de/wp-content/uploads/2023/02/Orangerie-kleiner-scaled-e1676303508915-300x233.jpg 300w, https://winkelsett.de/wp-content/uploads/2023/02/Orangerie-kleiner-scaled-e1676303508915-768x597.jpg 768w, https://winkelsett.de/wp-content/uploads/2023/02/Orangerie-kleiner-scaled-e1676303508915-1536x1193.jpg 1536w, https://winkelsett.de/wp-content/uploads/2023/02/Orangerie-kleiner-scaled-e1676303508915.jpg 1968w" sizes="(max-width: 1024px) 100vw, 1024px" />															</div>
				</div>
				<div class="elementor-element elementor-element-5466cb0 elementor-widget elementor-widget-text-editor" data-id="5466cb0" data-element_type="widget" data-widget_type="text-editor.default">
				<div class="elementor-widget-container">
									<p>Weitere Informationen finden sich auf der Webseite des Essgartens:</p>								</div>
				</div>
				<div class="elementor-element elementor-element-d13ba12 elementor-align-center elementor-widget elementor-widget-button" data-id="d13ba12" data-element_type="widget" data-widget_type="button.default">
				<div class="elementor-widget-container">
									<div class="elementor-button-wrapper">
					<a class="elementor-button elementor-button-link elementor-size-sm" href="https://essgarten.de/">
						<span class="elementor-button-content-wrapper">
									<span class="elementor-button-text">essgarten.de</span>
					</span>
					</a>
				</div>
								</div>
				</div>
					</div>
		</div>
					</div>
		</section>
					</div>
		</div>
					</div>
		</section>
				<section class="elementor-section elementor-top-section elementor-element elementor-element-376aa6f elementor-section-boxed elementor-section-height-default elementor-section-height-default" data-id="376aa6f" data-element_type="section">
						<div class="elementor-container elementor-column-gap-default">
					<div class="elementor-column elementor-col-50 elementor-top-column elementor-element elementor-element-7044d12" data-id="7044d12" data-element_type="column">
			<div class="elementor-widget-wrap elementor-element-populated">
						<div class="elementor-element elementor-element-ec2ebe7 elementor-widget__width-initial elementor-widget elementor-widget-image" data-id="ec2ebe7" data-element_type="widget" data-widget_type="image.default">
				<div class="elementor-widget-container">
															<img decoding="async" width="414" height="310" src="https://winkelsett.de/wp-content/uploads/2023/05/image.png" class="attachment-large size-large wp-image-1371" alt="" srcset="https://winkelsett.de/wp-content/uploads/2023/05/image.png 414w, https://winkelsett.de/wp-content/uploads/2023/05/image-300x225.png 300w" sizes="(max-width: 414px) 100vw, 414px" />															</div>
				</div>
				<div class="elementor-element elementor-element-119b3ac elementor-widget elementor-widget-text-editor" data-id="119b3ac" data-element_type="widget" data-widget_type="text-editor.default">
				<div class="elementor-widget-container">
									<p><br />Weitere Informationen finden sich auf der Webseite vom Hof Witte:</p>								</div>
				</div>
				<div class="elementor-element elementor-element-77db1b7 elementor-align-center elementor-widget elementor-widget-button" data-id="77db1b7" data-element_type="widget" data-widget_type="button.default">
				<div class="elementor-widget-container">
									<div class="elementor-button-wrapper">
					<a class="elementor-button elementor-button-link elementor-size-sm" href="http://hof-witte.de">
						<span class="elementor-button-content-wrapper">
									<span class="elementor-button-text">hof-witte.de</span>
					</span>
					</a>
				</div>
								</div>
				</div>
					</div>
		</div>
				<div class="elementor-column elementor-col-50 elementor-top-column elementor-element elementor-element-09727dd" data-id="09727dd" data-element_type="column">
			<div class="elementor-widget-wrap elementor-element-populated">
						<div class="elementor-element elementor-element-ee05707 elementor-widget__width-initial elementor-widget elementor-widget-text-editor" data-id="ee05707" data-element_type="widget" data-widget_type="text-editor.default">
				<div class="elementor-widget-container">
									<p><strong>TRADITION AUS WOHLDE &#8211; Hof Witte<br></strong><br>In der 5. Generationen ist der Hof nach wie vor ein traditioneller landwirtschaftlicher Familienbetrieb. Wir konzentrieren uns seit über 30 Jahren auf den Anbau von Weihnachtsbäumen.<br>Die schönste Zeit im Jahr sind wir für Sie da.</p>
<p>Wir haben für jeden Wunsch den passenden Weihnachtsbaum. Ihre Nordmanntanne in handlicher Größe bis zum meterhohen Prachtstück, können Sie sich in unseren Schonungen selbst aussuchen.<br>In gemütlicher und weihnachtlicher Atmosphäre laden wir Sie herzlich an unserem traditionellen Scheunenmarkt zu heißem Glühwein und traditionellen Spezialitäten aus der Region ein.<br>Freudige Kinderaugen gehören zu Weihnachten dazu. Jedes Jahr planen wir verschiedene<br>Aktionen speziell für Kinder (zB Ponyreiten oder den Besuch vom Weihnachtsmann).<br>Auf dem Scheunenmarkt bieten wir Ihnen die Möglichkeit, Ihre außergewöhnliche<br>Weihnachtsfeier zu veranstalten. Gerne erstellen wir ein individuelles Konzept.<br>Ganzjährig bieten wir verschiedene Sorten und Längen von ofenfertigem Feuerholz an. Auf unserer Website finden Sie stets das aktuelle Angebot.<br>Beziehen Sie direkt regional unser Wildfleisch aus Eigenjagd (natürlich Bio und nachhaltig).<br>Euer Hof Witte Team</p>								</div>
				</div>
					</div>
		</div>
					</div>
		</section>
				</div>

<p>Essgarten Der permakulturell angelegte Essgarten in Winkelsett ist eine Sammlung an essbaren Pflanzen mit Waldcharakter, die sich in Symbiose mit möglichst wenig äußeren Eingriffen zueinander verhalten. Hier wachsen ca. 1.200 verschiedene Arten, von Gehölzen, also Bäumen und Sträuchern, über Kräuter, Stauden, Knollen, Wurzeln und Pilzen, hin zu Kletter- und Wasserpflanzen. Nach knapp 30 Jahren bietet [&hellip;]</p>
