{"id":260,"date":"2022-08-27T23:40:41","date_gmt":"2022-08-27T21:40:41","guid":{"rendered":"https:\/\/winkelsett.de\/?page_id=260"},"modified":"2023-02-13T17:46:50","modified_gmt":"2023-02-13T15:46:50","slug":"vereine-und-betriebe","status":"publish","type":"page","link":"https:\/\/winkelsett.de\/?page_id=260","title":{"rendered":"K\u00fcnstler"},"content":{"rendered":"\t\t<div data-elementor-type=\"wp-page\" data-elementor-id=\"260\" class=\"elementor elementor-260\">\n\t\t\t\t\t\t<section class=\"elementor-section elementor-top-section elementor-element elementor-element-77e46b6 elementor-section-boxed elementor-section-height-default elementor-section-height-default\" data-id=\"77e46b6\" data-element_type=\"section\">\n\t\t\t\t\t\t<div class=\"elementor-container elementor-column-gap-default\">\n\t\t\t\t\t<div class=\"elementor-column elementor-col-100 elementor-top-column elementor-element elementor-element-a1908bd\" data-id=\"a1908bd\" data-element_type=\"column\">\n\t\t\t<div class=\"elementor-widget-wrap elementor-element-populated\">\n\t\t\t\t\t\t<section class=\"elementor-section elementor-inner-section elementor-element elementor-element-acb5846 elementor-section-boxed elementor-section-height-default elementor-section-height-default\" data-id=\"acb5846\" data-element_type=\"section\">\n\t\t\t\t\t\t<div class=\"elementor-container elementor-column-gap-default\">\n\t\t\t\t\t<div class=\"elementor-column elementor-col-50 elementor-inner-column elementor-element elementor-element-350adae\" data-id=\"350adae\" data-element_type=\"column\">\n\t\t\t<div class=\"elementor-widget-wrap elementor-element-populated\">\n\t\t\t\t\t\t<div class=\"elementor-element elementor-element-1745618 elementor-widget elementor-widget-text-editor\" data-id=\"1745618\" data-element_type=\"widget\" data-widget_type=\"text-editor.default\">\n\t\t\t\t<div class=\"elementor-widget-container\">\n\t\t\t\t\t\t\t\t\t<p><strong>Hille Perl<\/strong><\/p><p>Seit dem Sommer 1997 ist die aus Bremen geb\u00fcrtige Musikerin Hille Perl mit ihrer Familie eine leidenschaftliche und begeisterte Einwohnerin von Winkelsett. <br \/>Die abwechslungsreiche Geestlandschaft, die weiten Blicke \u00fcber Felder und W\u00e4lder und die Verbundenheit der Landbev\u00f6lkerung bilden f\u00fcr Hille Perl einen Kontrapunkt zu ihrem internationalen Konzertleben und ihrer Professur an der Hochschule f\u00fcr K\u00fcnste in Bremen. <br \/>Gerne durchstreift sie die Landschaft auf dem Rad, bezieht ihr Gem\u00fcse von der Solawi in Beckstedt und freut sich \u00fcber alle M\u00f6glichkeiten, regionale Angebote zu nutzen, das kulturelle Angebot im nahegelegenen Wildeshausen mit Alexanderkirche und Service-Kino oder das Rosenbad in Harpstedt.<\/p><p>Sie freut sich \u00fcber die vielf\u00e4ltig engagierten Nachbarn, neben Landwirten auch viele Handwerker, K\u00fcnstler, Wissenschaftler, und andere interessante Mitb\u00fcrger, die alle ihren Enthusiasmus f\u00fcr diese Landschaft teilen und das Dorfleben gemeinsam mit den Alteingesessenen beleben und gestalten. Seit 2022 ist Hille Perl Mitglied im Gemeinderat von Winkelsett<\/p>\t\t\t\t\t\t\t\t<\/div>\n\t\t\t\t<\/div>\n\t\t\t\t\t<\/div>\n\t\t<\/div>\n\t\t\t\t<div class=\"elementor-column elementor-col-50 elementor-inner-column elementor-element elementor-element-2fb9661\" data-id=\"2fb9661\" data-element_type=\"column\">\n\t\t\t<div class=\"elementor-widget-wrap elementor-element-populated\">\n\t\t\t\t\t\t<div class=\"elementor-element elementor-element-133f962 elementor-widget elementor-widget-image\" data-id=\"133f962\" data-element_type=\"widget\" data-widget_type=\"image.default\">\n\t\t\t\t<div class=\"elementor-widget-container\">\n\t\t\t\t\t\t\t\t\t\t\t\t\t\t\t<img fetchpriority=\"high\" decoding=\"async\" width=\"1024\" height=\"679\" src=\"https:\/\/winkelsett.de\/wp-content\/uploads\/2023\/02\/2FB1F2E9-B1B9-4EBD-8466-C354928BDD38-1024x679.jpeg\" class=\"attachment-large size-large wp-image-937\" alt=\"\" srcset=\"https:\/\/winkelsett.de\/wp-content\/uploads\/2023\/02\/2FB1F2E9-B1B9-4EBD-8466-C354928BDD38-1024x679.jpeg 1024w, https:\/\/winkelsett.de\/wp-content\/uploads\/2023\/02\/2FB1F2E9-B1B9-4EBD-8466-C354928BDD38-300x199.jpeg 300w, https:\/\/winkelsett.de\/wp-content\/uploads\/2023\/02\/2FB1F2E9-B1B9-4EBD-8466-C354928BDD38-768x510.jpeg 768w, https:\/\/winkelsett.de\/wp-content\/uploads\/2023\/02\/2FB1F2E9-B1B9-4EBD-8466-C354928BDD38-1536x1019.jpeg 1536w, https:\/\/winkelsett.de\/wp-content\/uploads\/2023\/02\/2FB1F2E9-B1B9-4EBD-8466-C354928BDD38-2048x1359.jpeg 2048w\" sizes=\"(max-width: 1024px) 100vw, 1024px\" \/>\t\t\t\t\t\t\t\t\t\t\t\t\t\t\t<\/div>\n\t\t\t\t<\/div>\n\t\t\t\t<div class=\"elementor-element elementor-element-a7dee25 elementor-widget elementor-widget-text-editor\" data-id=\"a7dee25\" data-element_type=\"widget\" data-widget_type=\"text-editor.default\">\n\t\t\t\t<div class=\"elementor-widget-container\">\n\t\t\t\t\t\t\t\t\t<p>Weitere Informationen finden Sie auf ihrer Webseite.<\/p>\t\t\t\t\t\t\t\t<\/div>\n\t\t\t\t<\/div>\n\t\t\t\t<div class=\"elementor-element elementor-element-092a206 elementor-align-center elementor-widget elementor-widget-button\" data-id=\"092a206\" data-element_type=\"widget\" data-widget_type=\"button.default\">\n\t\t\t\t<div class=\"elementor-widget-container\">\n\t\t\t\t\t\t\t\t\t<div class=\"elementor-button-wrapper\">\n\t\t\t\t\t<a class=\"elementor-button elementor-button-link elementor-size-sm\" href=\"https:\/\/www.hillenet.net\/\">\n\t\t\t\t\t\t<span class=\"elementor-button-content-wrapper\">\n\t\t\t\t\t\t\t\t\t<span class=\"elementor-button-text\">hillenet.net<\/span>\n\t\t\t\t\t<\/span>\n\t\t\t\t\t<\/a>\n\t\t\t\t<\/div>\n\t\t\t\t\t\t\t\t<\/div>\n\t\t\t\t<\/div>\n\t\t\t\t\t<\/div>\n\t\t<\/div>\n\t\t\t\t\t<\/div>\n\t\t<\/section>\n\t\t\t\t\t<\/div>\n\t\t<\/div>\n\t\t\t\t\t<\/div>\n\t\t<\/section>\n\t\t\t\t<section class=\"elementor-section elementor-top-section elementor-element elementor-element-a86526c elementor-section-boxed elementor-section-height-default elementor-section-height-default\" data-id=\"a86526c\" data-element_type=\"section\">\n\t\t\t\t\t\t<div class=\"elementor-container elementor-column-gap-default\">\n\t\t\t\t\t<div class=\"elementor-column elementor-col-100 elementor-top-column elementor-element elementor-element-4d1be4d\" data-id=\"4d1be4d\" data-element_type=\"column\">\n\t\t\t<div class=\"elementor-widget-wrap elementor-element-populated\">\n\t\t\t\t\t\t<section class=\"elementor-section elementor-inner-section elementor-element elementor-element-4996d41 elementor-section-boxed elementor-section-height-default elementor-section-height-default\" data-id=\"4996d41\" data-element_type=\"section\">\n\t\t\t\t\t\t<div class=\"elementor-container elementor-column-gap-default\">\n\t\t\t\t\t<div class=\"elementor-column elementor-col-50 elementor-inner-column elementor-element elementor-element-ba3e3df\" data-id=\"ba3e3df\" data-element_type=\"column\">\n\t\t\t<div class=\"elementor-widget-wrap elementor-element-populated\">\n\t\t\t\t\t\t<div class=\"elementor-element elementor-element-0c3b89f elementor-widget elementor-widget-text-editor\" data-id=\"0c3b89f\" data-element_type=\"widget\" data-widget_type=\"text-editor.default\">\n\t\t\t\t<div class=\"elementor-widget-container\">\n\t\t\t\t\t\t\t\t\t<p><strong>Sandra Otte<\/strong><\/p><p>Sandra Otte ist eine Liedermacherin aus H\u00f6lingen, die als Quereinsteigerin auch in der Schauspielerei Fu\u00df gefasst hat. Unter anderem kann man sie im Bremer Tatort \u201eLiebeswut\u201c sehen.\u00a0<\/p><p>In ihren Liedern nimmt sie mit Witz, Charme und feiner Beobachtungsgabe das menschliche Naturell unter die Lupe und verpackt es mit ihren Texten in kleine, am\u00fcsante oder auch warmherzige Geschichten.\u00a0<\/p><p>Mit der bitters\u00fc\u00dfen Ballade \u201eF\u00fcr dich\u201c aus ihrem im Jahr 2018 erschienenen Deb\u00fct- Album \u201eBOAH!\u201c schaffte Sandra Otte es im November 2018 unter die Top 20 der \u201eDeutschen Liederbestenliste\u201c auf Platz 15.\u00a0<\/p><p>Seitdem folgten Konzerte, Liveauftritte in regionalen Fernseh- und Radiosendungen, sowie das Abspielen ihrer Musik auf Radiosendern wie z.B. Deutschlandfunk und SR3.\u00a0<\/p>\t\t\t\t\t\t\t\t<\/div>\n\t\t\t\t<\/div>\n\t\t\t\t\t<\/div>\n\t\t<\/div>\n\t\t\t\t<div class=\"elementor-column elementor-col-50 elementor-inner-column elementor-element elementor-element-1fe97f5\" data-id=\"1fe97f5\" data-element_type=\"column\">\n\t\t\t<div class=\"elementor-widget-wrap elementor-element-populated\">\n\t\t\t\t\t\t<div class=\"elementor-element elementor-element-a46fcbb elementor-widget elementor-widget-image\" data-id=\"a46fcbb\" data-element_type=\"widget\" data-widget_type=\"image.default\">\n\t\t\t\t<div class=\"elementor-widget-container\">\n\t\t\t\t\t\t\t\t\t\t\t\t\t\t\t<img decoding=\"async\" width=\"1024\" height=\"856\" src=\"https:\/\/winkelsett.de\/wp-content\/uploads\/2023\/02\/IMG_5056_10012-1024x856.jpg\" class=\"attachment-large size-large wp-image-1020\" alt=\"\" srcset=\"https:\/\/winkelsett.de\/wp-content\/uploads\/2023\/02\/IMG_5056_10012-1024x856.jpg 1024w, https:\/\/winkelsett.de\/wp-content\/uploads\/2023\/02\/IMG_5056_10012-300x251.jpg 300w, https:\/\/winkelsett.de\/wp-content\/uploads\/2023\/02\/IMG_5056_10012-768x642.jpg 768w, https:\/\/winkelsett.de\/wp-content\/uploads\/2023\/02\/IMG_5056_10012-1536x1284.jpg 1536w, https:\/\/winkelsett.de\/wp-content\/uploads\/2023\/02\/IMG_5056_10012-2048x1712.jpg 2048w\" sizes=\"(max-width: 1024px) 100vw, 1024px\" \/>\t\t\t\t\t\t\t\t\t\t\t\t\t\t\t<\/div>\n\t\t\t\t<\/div>\n\t\t\t\t<div class=\"elementor-element elementor-element-3a6471e elementor-widget elementor-widget-text-editor\" data-id=\"3a6471e\" data-element_type=\"widget\" data-widget_type=\"text-editor.default\">\n\t\t\t\t<div class=\"elementor-widget-container\">\n\t\t\t\t\t\t\t\t\t<p>Aktuelle Konzerttermine finden Sie auf ihrer Webseite.\u00a0<\/p>\t\t\t\t\t\t\t\t<\/div>\n\t\t\t\t<\/div>\n\t\t\t\t<div class=\"elementor-element elementor-element-41fc4b5 elementor-align-center elementor-widget elementor-widget-button\" data-id=\"41fc4b5\" data-element_type=\"widget\" data-widget_type=\"button.default\">\n\t\t\t\t<div class=\"elementor-widget-container\">\n\t\t\t\t\t\t\t\t\t<div class=\"elementor-button-wrapper\">\n\t\t\t\t\t<a class=\"elementor-button elementor-button-link elementor-size-sm\" href=\"https:\/\/www.sandra-otte.de\/\">\n\t\t\t\t\t\t<span class=\"elementor-button-content-wrapper\">\n\t\t\t\t\t\t\t\t\t<span class=\"elementor-button-text\">sandra-otte.de<\/span>\n\t\t\t\t\t<\/span>\n\t\t\t\t\t<\/a>\n\t\t\t\t<\/div>\n\t\t\t\t\t\t\t\t<\/div>\n\t\t\t\t<\/div>\n\t\t\t\t\t<\/div>\n\t\t<\/div>\n\t\t\t\t\t<\/div>\n\t\t<\/section>\n\t\t\t\t\t<\/div>\n\t\t<\/div>\n\t\t\t\t\t<\/div>\n\t\t<\/section>\n\t\t\t\t<section class=\"elementor-section elementor-top-section elementor-element elementor-element-9ad449b elementor-section-boxed elementor-section-height-default elementor-section-height-default\" data-id=\"9ad449b\" data-element_type=\"section\">\n\t\t\t\t\t\t<div class=\"elementor-container elementor-column-gap-default\">\n\t\t\t\t\t<div class=\"elementor-column elementor-col-100 elementor-top-column elementor-element elementor-element-9151dba\" data-id=\"9151dba\" data-element_type=\"column\">\n\t\t\t<div class=\"elementor-widget-wrap elementor-element-populated\">\n\t\t\t\t\t\t<section class=\"elementor-section elementor-inner-section elementor-element elementor-element-e09839d elementor-section-boxed elementor-section-height-default elementor-section-height-default\" data-id=\"e09839d\" data-element_type=\"section\">\n\t\t\t\t\t\t<div class=\"elementor-container elementor-column-gap-default\">\n\t\t\t\t\t<div class=\"elementor-column elementor-col-50 elementor-inner-column elementor-element elementor-element-496cb47\" data-id=\"496cb47\" data-element_type=\"column\">\n\t\t\t<div class=\"elementor-widget-wrap elementor-element-populated\">\n\t\t\t\t\t\t<div class=\"elementor-element elementor-element-d9735ce elementor-widget elementor-widget-text-editor\" data-id=\"d9735ce\" data-element_type=\"widget\" data-widget_type=\"text-editor.default\">\n\t\t\t\t<div class=\"elementor-widget-container\">\n\t\t\t\t\t\t\t\t\t<p><strong>Roland Maier Holzknecht<\/strong><\/p><p>Kunst braucht Raum, Zeit und Inspiration. So kann sich Kreativit\u00e4t entwickeln und Wohlbefinden entstehen. Die sch\u00f6ne Form, der harmonische Klang von Farben und Melodien w\u00e4chst wie eine Blume. Ungest\u00f6rt in den ihr eigenen Zeitabl\u00e4ufen. Im Rhythmus eingeschriebener ihr innewohnenden Gesetzm\u00e4ssigkeiten.\u00a0<\/p><p>Auf dem Rolandshof soll die M\u00f6glichkeit gegeben sein den geforderten \u201eStundentaktmenschen\u201c zu mindestens innerhalb einer Auszeit zu erl\u00f6sen und auszuheilen. Wer einmal das \u201eflow\u201c handwerklich- k\u00fcnstlerischer Abl\u00e4ufe kennengelernt hat, weiss wieviel Kraft und positive Energie durch es freigesetzt werden kann. Oft ist ein sinnvolles \u201eSichverbinden\u201c mit der praktischen Arbeit im Alltag erschwert. Hier soll es m\u00f6glich sein dies zu verwirklichen.\u00a0<\/p><p>Die Werkst\u00e4tten auf dem Hof geben Raum f\u00fcr Projekte; wie zum Beispiel \u00abartists in residence\u00bb. K\u00fcnstlerinnen und K\u00fcnstler k\u00f6nnen hier in unterschiedlichen Fachgebieten wie Malerei, Bildhauerei, Musik, Literatur, Performance arbeiten, und in den zur Verf\u00fcgung gestellten G\u00e4stezimmern \u00fcbernachten. Das Foyer bietet geeignete M\u00f6glichkeiten zu Ausstellungen.<\/p>\t\t\t\t\t\t\t\t<\/div>\n\t\t\t\t<\/div>\n\t\t\t\t\t<\/div>\n\t\t<\/div>\n\t\t\t\t<div class=\"elementor-column elementor-col-50 elementor-inner-column elementor-element elementor-element-899eca3\" data-id=\"899eca3\" data-element_type=\"column\">\n\t\t\t<div class=\"elementor-widget-wrap elementor-element-populated\">\n\t\t\t\t\t\t<div class=\"elementor-element elementor-element-ac0e918 elementor-widget elementor-widget-image\" data-id=\"ac0e918\" data-element_type=\"widget\" data-widget_type=\"image.default\">\n\t\t\t\t<div class=\"elementor-widget-container\">\n\t\t\t\t\t\t\t\t\t\t\t\t\t\t\t<img decoding=\"async\" width=\"1024\" height=\"573\" src=\"https:\/\/winkelsett.de\/wp-content\/uploads\/2023\/02\/Screenshot-2023-02-02-082201-1024x573.png\" class=\"attachment-large size-large wp-image-1001\" alt=\"\" srcset=\"https:\/\/winkelsett.de\/wp-content\/uploads\/2023\/02\/Screenshot-2023-02-02-082201-1024x573.png 1024w, https:\/\/winkelsett.de\/wp-content\/uploads\/2023\/02\/Screenshot-2023-02-02-082201-300x168.png 300w, https:\/\/winkelsett.de\/wp-content\/uploads\/2023\/02\/Screenshot-2023-02-02-082201-768x430.png 768w, https:\/\/winkelsett.de\/wp-content\/uploads\/2023\/02\/Screenshot-2023-02-02-082201.png 1311w\" sizes=\"(max-width: 1024px) 100vw, 1024px\" \/>\t\t\t\t\t\t\t\t\t\t\t\t\t\t\t<\/div>\n\t\t\t\t<\/div>\n\t\t\t\t<div class=\"elementor-element elementor-element-fc63a95 elementor-widget elementor-widget-text-editor\" data-id=\"fc63a95\" data-element_type=\"widget\" data-widget_type=\"text-editor.default\">\n\t\t\t\t<div class=\"elementor-widget-container\">\n\t\t\t\t\t\t\t\t\t<p>Weitere Informationen finden Sie auf seiner Webseite.<\/p>\t\t\t\t\t\t\t\t<\/div>\n\t\t\t\t<\/div>\n\t\t\t\t<div class=\"elementor-element elementor-element-e2503b2 elementor-align-center elementor-widget elementor-widget-button\" data-id=\"e2503b2\" data-element_type=\"widget\" data-widget_type=\"button.default\">\n\t\t\t\t<div class=\"elementor-widget-container\">\n\t\t\t\t\t\t\t\t\t<div class=\"elementor-button-wrapper\">\n\t\t\t\t\t<a class=\"elementor-button elementor-button-link elementor-size-sm\" href=\"https:\/\/skulptur-graphik.ch\/\">\n\t\t\t\t\t\t<span class=\"elementor-button-content-wrapper\">\n\t\t\t\t\t\t\t\t\t<span class=\"elementor-button-text\">skulptur-graphik.ch<\/span>\n\t\t\t\t\t<\/span>\n\t\t\t\t\t<\/a>\n\t\t\t\t<\/div>\n\t\t\t\t\t\t\t\t<\/div>\n\t\t\t\t<\/div>\n\t\t\t\t\t<\/div>\n\t\t<\/div>\n\t\t\t\t\t<\/div>\n\t\t<\/section>\n\t\t\t\t\t<\/div>\n\t\t<\/div>\n\t\t\t\t\t<\/div>\n\t\t<\/section>\n\t\t\t\t<section class=\"elementor-section elementor-top-section elementor-element elementor-element-8616879 elementor-section-boxed elementor-section-height-default elementor-section-height-default\" data-id=\"8616879\" data-element_type=\"section\">\n\t\t\t\t\t\t<div class=\"elementor-container elementor-column-gap-default\">\n\t\t\t\t\t<div class=\"elementor-column elementor-col-100 elementor-top-column elementor-element elementor-element-7ee57bd\" data-id=\"7ee57bd\" data-element_type=\"column\">\n\t\t\t<div class=\"elementor-widget-wrap\">\n\t\t\t\t\t\t\t<\/div>\n\t\t<\/div>\n\t\t\t\t\t<\/div>\n\t\t<\/section>\n\t\t\t\t<section class=\"elementor-section elementor-top-section elementor-element elementor-element-2028d57 elementor-section-boxed elementor-section-height-default elementor-section-height-default\" data-id=\"2028d57\" data-element_type=\"section\">\n\t\t\t\t\t\t<div class=\"elementor-container elementor-column-gap-default\">\n\t\t\t\t\t<div class=\"elementor-column elementor-col-100 elementor-top-column elementor-element elementor-element-8cc2c2f\" data-id=\"8cc2c2f\" data-element_type=\"column\">\n\t\t\t<div class=\"elementor-widget-wrap\">\n\t\t\t\t\t\t\t<\/div>\n\t\t<\/div>\n\t\t\t\t\t<\/div>\n\t\t<\/section>\n\t\t\t\t<\/div>\n\t\t","protected":false},"excerpt":{"rendered":"<p>Hille Perl Seit dem Sommer 1997 ist die aus Bremen geb\u00fcrtige Musikerin Hille Perl mit ihrer Familie eine leidenschaftliche und begeisterte Einwohnerin von Winkelsett. Die abwechslungsreiche Geestlandschaft, die weiten Blicke \u00fcber Felder und W\u00e4lder und die Verbundenheit der Landbev\u00f6lkerung bilden f\u00fcr Hille Perl einen Kontrapunkt zu ihrem internationalen Konzertleben und ihrer Professur an der Hochschule [&hellip;]<\/p>\n","protected":false},"author":1,"featured_media":0,"parent":0,"menu_order":0,"comment_status":"closed","ping_status":"closed","template":"","meta":{"footnotes":""},"class_list":["post-260","page","type-page","status-publish","hentry"],"aioseo_notices":[],"_links":{"self":[{"href":"https:\/\/winkelsett.de\/index.php?rest_route=\/wp\/v2\/pages\/260","targetHints":{"allow":["GET"]}}],"collection":[{"href":"https:\/\/winkelsett.de\/index.php?rest_route=\/wp\/v2\/pages"}],"about":[{"href":"https:\/\/winkelsett.de\/index.php?rest_route=\/wp\/v2\/types\/page"}],"author":[{"embeddable":true,"href":"https:\/\/winkelsett.de\/index.php?rest_route=\/wp\/v2\/users\/1"}],"replies":[{"embeddable":true,"href":"https:\/\/winkelsett.de\/index.php?rest_route=%2Fwp%2Fv2%2Fcomments&post=260"}],"version-history":[{"count":0,"href":"https:\/\/winkelsett.de\/index.php?rest_route=\/wp\/v2\/pages\/260\/revisions"}],"wp:attachment":[{"href":"https:\/\/winkelsett.de\/index.php?rest_route=%2Fwp%2Fv2%2Fmedia&parent=260"}],"curies":[{"name":"wp","href":"https:\/\/api.w.org\/{rel}","templated":true}]}}